 are the prime factors of 179992764?
2, 3, 7, 714257
List the prime factors of 59066812.
2, 7, 521, 4049
List the prime factors of 83011244.
2, 20752811
What are the prime factors of 1176101507?
7, 168014501
List the prime factors of 806283428.
2, 37, 5447861
List the prime factors of 166671125.
5, 37, 36037
List the prime factors of 6564294134.
2, 877, 1861, 2011
List the prime factors of 3878076776.
2, 7, 19, 43, 12109
List the prime factors of 80345106.
2, 3, 89, 50153
What are the prime factors of 3154163954?
2, 59, 79, 4283
What are the prime factors of 60053222?
2, 30026611
List the prime factors of 290211847.
757, 383371
List the prime factors of 17361831.
3, 5787277
List the prime factors of 1192086044.
2, 23, 12957457
What are the prime factors of 113851368?
2, 3, 37, 42737
What are the prime factors of 131223761?
131223761
What are the prime factors of 61222611?
3, 20407537
What are the prime factors of 984031261?
19, 51791119
List the prime factors of 168498704.
2, 11, 101, 9479
What are the prime factors of 464644601?
19, 167, 146437
What are the prime factors of 3878905034?
2, 29, 1291, 51803
List the prime factors of 49544311.
4493, 11027
List the prime factors of 54002886.
2, 3, 7, 89, 14447
What are the prime factors of 4072047241?
47, 86639303
List the prime factors of 473477037.
3, 11, 53, 211, 1283
What are the prime factors of 198240858?
2, 3, 463, 881
List the prime factors of 88281.
3, 17, 577
What are the prime factors of 1979108350?
2, 5, 39582167
List the prime factors of 257192666.
2, 128596333
List the prime factors of 423245462.
2, 877, 241303
What are the prime factors of 140811997?
307, 523, 877
List the prime factors of 1495134502.
2, 747567251
What are the prime factors of 12211788?
2, 3, 1017649
What are the prime factors of 98265819?
3, 32755273
List the prime factors of 161844389.
7, 29, 43, 18541
List the prime factors of 213723711.
3, 17, 47, 9907
List the prime factors of 141899574.
2, 3, 23649929
What are the prime factors of 1313875165?
5, 101, 1607, 1619
What are the prime factors of 842678131?
2687, 313613
List the prime factors of 35858216.
2, 43, 104239
What are the prime factors of 6437254?
2, 17, 59, 3209
List the prime factors of 82728375.
3, 5, 17, 19, 683
List the prime factors of 797641593.
3, 7, 41, 337, 2749
List the prime factors of 147664229.
147664229
What are the prime factors of 3587022?
2, 3, 349, 571
List the prime factors of 2048712515.
5, 73, 5612911
List the prime factors of 41791672.
2, 13, 30911
What are the prime factors of 183954228?
2, 3, 83, 184693
List the prime factors of 116902358.
2, 58451179
What are the prime factors of 815036197?
815036197
What are the prime factors of 64793861?
11, 113, 52127
What are the prime factors of 164602891?
17, 1451, 6673
What are the prime factors of 9839994?
2, 3, 1639999
List the prime factors of 1511036916.
2, 3, 109, 659, 1753
List the prime factors of 1650068497.
7, 11, 79, 487, 557
List the prime factors of 231944731.
1423, 162997
List the prime factors of 158653032.
2, 3, 229, 28867
What are the prime factors of 111443480?
2, 5, 769, 3623
What are the prime factors of 64058401?
11, 71, 82021
List the prime factors of 3640964369.
7, 41, 47, 5743
List the prime factors of 2051583960.
2, 3, 5, 17096533
What are the prime factors of 109599022?
2, 13, 4215347
What are the prime factors of 126031038?
2, 3, 7, 428677
List the prime factors of 130074552.
2, 3, 602197
List the prime factors of 180857269.
43, 47, 109, 821
What are the prime factors of 7271733?
3, 7, 17, 20369
What are the prime factors of 988638920?
2, 5, 191, 129403
What are the prime factors of 255139078?
2, 1091, 116929
What are the prime factors of 106054176?
2, 3, 1104731
List the prime factors of 14723912.
2, 7, 37561
What are the prime factors of 84369063?
3, 19, 89, 16631
List the prime factors of 50840390.
2, 5, 19, 267581
List the prime factors of 692123185.
5, 13, 89, 181, 661
List the prime factors of 376274185.
5, 7, 1535813
What are the prime factors of 31710423?
3, 17, 61, 10193
What are the prime factors of 53841184?
2, 1682537
What are the prime factors of 62392980?
2, 3, 5, 13, 41, 1951
What are the prime factors of 1220662818?
2, 3, 1123, 20129
What are the prime factors of 796005947?
11, 101, 716477
What are the prime factors of 58073810?
2, 5, 389, 14929
List the prime factors of 20395957.
71, 103, 2789
What are the prime factors of 69126899?
69126899
List the prime factors of 7482124209.
3, 7, 19, 18752191
What are the prime factors of 29775955?
5, 11, 541381
List the prime factors of 919511268.
2, 3, 13, 5894303
List the prime factors of 278187768.
2, 3, 149, 25931
List the prime factors of 277783561.
11, 25253051
What are the prime factors of 27127618?
2, 7, 587, 3301
List the prime factors of 172776302.
2, 157, 193, 2851
List the prime factors of 117182368.
2, 3661949
List the prime factors of 39699147.
3, 331, 39979
List the prime factors of 117403613.
1559, 75307
List the prime factors of 185882302.
2, 37, 359, 6997
What are the prime factors of 6321692959?
71, 683, 130363
What are the prime factors of 205575930?
2, 3, 5, 7, 151, 2161
What are the prime factors of 6854053664?
2, 13331, 16067
List the prime factors of 151918073.
31, 1303, 3761
What are the prime factors of 404729175?
3, 5, 173, 31193
What are the prime factors of 70839568?
2, 1697, 2609
List the prime factors of 1789588469.
1789588469
List the prime factors of 2112386610.
2, 3, 5, 37, 43, 44257
List the prime factors of 294591231.
3, 11, 97, 30677
What are the prime factors of 591009304?
2, 199, 371237
List the prime factors of 29638245.
3, 5, 7, 13, 21713
List the prime factors of 27115014.
2, 3, 19, 237851
List the prime factors of 26482196.
2, 13, 607, 839
What are the prime factors of 23308556?
2, 241, 24179
What are the prime factors of 132120442?
2, 66060221
List the prime factors of 160210556.
2, 11, 3641149
What are the prime factors of 3299669602?
2, 1649834801
List the prime factors of 321676642.
2, 7, 29, 792307
What are the prime factors of 4801932?
2, 3, 133387
What are the prime factors of 13544487?
3, 11, 136813
What are the prime factors of 2219507597?
383, 5795059
What are the prime factors of 7205550665?
5, 107, 431, 31249
List the prime factors of 1404198096.
2, 3, 7, 17, 29, 173
What are the prime factors of 3835411024?
2, 383, 625883
What are the prime factors of 51160613?
7, 97, 75347
What are the prime factors of 798703277?
109, 701, 10453
List the prime factors of 4119412038.
2, 3, 7, 98081239
What are the prime factors of 392929200?
2, 3, 5, 109147
List the prime factors of 59607844.
2, 47, 317063
What are the prime factors of 99283514?
2, 11, 31, 145577
List the prime factors of 2537993333.
2537993333
What are the prime factors of 67531105?
5, 23, 37, 59, 269
List the prime factors of 176294687.
97, 1817471
List the prime factors of 562413152.
2, 7, 71, 35363
List the prime factors of 267734193.
3, 109, 617, 1327
List the prime factors of 473948741.
7, 23, 2943781
What are the prime factors of 787913706?
2, 3, 1697, 77383
List the prime factors of 231406404.
2, 3, 23, 838429
What are the prime factors of 583807256?
2, 72975907
What are the prime factors of 67098227?
7, 307, 31223
What are the prime factors of 3197361703?
211, 15153373
What are the prime factors of 196879146?
2, 3, 37, 47, 18869
List the prime factors of 71031887.
71031887
List the prime factors of 925847803.
925847803
List the prime factors of 1133231552.
2, 17706743
What are the prime factors of 2211468436?
2, 552867109
List the prime factors of 232020847.
641, 361967
List the prime factors of 828990186.
2, 3, 3533, 39107
List the prime factors of 114603948.
2, 3, 37, 97, 887
What are the prime factors of 585878391?
3, 7, 9299657
What are the prime factors of 650276189?
73, 8907893
List the prime factors of 3357058739.
2099, 1599361
List the prime factors of 220504766.
2, 19, 127, 45691
List the prime factors of 153784435.
5, 7, 89, 49369
List the prime factors of 77723174.
2, 1759, 22093
List the prime factors of 980118156.
2, 3, 113, 347, 2083
What are the prime factors of 25673372?
2, 1597, 4019
List the prime factors of 102841783.
11, 53, 176401
List the prime factors of 246157077.
3,